w(236).
32
Let s(o) = o**2 + 893*o - 326986. Determine s(279).
2
Let k(q) = 4*q**3 - 55*q**2 + 461*q - 5477. Give k(13).
9
Let b(m) = -2*m**2 - 74*m - 508. Determine b(-20).
172
Let v(j) = -5956*j + 125097. Calculate v(21).
21
Let n(m) = -12*m**2 + 698*m - 4389. What is n(51)?
-3
Let j(w) = 2*w**3 - 406*w**2 + 2653*w - 538565. Calculate j(203).
-6
Let k(d) = -3897*d - 77285. Give k(-20).
655
Let s(k) = k**3 + 15*k**2 - 1087*k + 7. Determine s(-41).
868
Let y(x) = -4*x**2 + 1057*x - 3010. Calculate y(262).
-652
Let o(d) = -2*d**3 + 2965*d**2 + 57057*d - 3. Give o(-19).
-3
Let j(b) = -b**2 - 493*b - 17543. Give j(-39).
163
Let j(r) = -16*r**2 - 275*r - 108. Give j(-9).
1071
Let t(b) = 190*b + 10709. Give t(-56).
69
Let i(b) = b**2 - 16010*b + 686486. Determine i(43).
-95
Let b(u) = -2*u**2 - 121*u - 4519. Give b(-41).
-2920
Let h(r) = -2395*r - 50541. Determine h(-21).
-246
Let v(u) = 895*u + 76987. Determine v(-86).
17
Let f(w) = -52379*w + 314270. Calculate f(6).
-4
Let s(x) = 432732*x - 6058250. Give s(14).
-2
Let t(l) = -2*l**3 + 25*l**2 - 24*l - 78. Determine t(10).
182
Let z(b) = -47676*b + 1191899. Calculate z(25).
-1
Let t(c) = -15*c**2 - 132*c - 229. Calculate t(-6).
23
Let t(c) = 23*c**2 + 7512*c + 55819. Determine t(-319).
-6
Let k(m) = m**3 + 12*m**2 - 29*m + 95. Calculate k(-15).
-145
Let k(b) = 14*b**2 + 2612*b - 1392. What is k(-187)?
-270
Let t(j) = j**3 + 53*j**2 + 698*j + 183. Give t(-23).
-1
Let y(q) = 5*q**3 - 169*q**2 - 237*q + 941. Calculate y(35).
-4
Let g(o) = -156*o - 4447. Give g(-28).
-79
Let f(i) = -101161*i + 505773. Determine f(5).
-32
Let t(g) = -15281*g - 993521. Give t(-65).
-256
Let g(n) = -11*n**2 - 68*n - 504. Calculate g(-15).
-1959
Let t(q) = 8*q**3 - 5*q**2 - 20*q + 46. Determine t(5).
821
Let j(u) = -u**3 - 16*u**2 + 54*u - 471. What is j(8)?
-1575
Let w(b) = -6*b**3 - 22*b**2 + 193*b + 601. Calculate w(-3).
-14
Let o(n) = 5518*n - 33. Give o(0).
-33
Let m(x) = -x**3 + 13*x**2 - 926*x + 2738. Determine m(3).
50
Let h(j) = -20*j**2 + 34*j + 238. Determine h(-8).
-1314
Let d(c) = -5*c**3 + 655*c**2 - 22*c - 481. Calculate d(131).
-3363
Let w(o) = 1594*o - 145077. Calculate w(91).
-23
Let v(u) = -u**2 - 9*u + 2978. Calculate v(51).
-82
Let j(k) = k**2 + 43*k - 1019. What is j(-57)?
-221
Let b(y) = y**3 - 14*y**2 + 468*y - 5899. Give b(13).
16
Let q(h) = 2*h**2 + 25*h - 3454. Determine q(37).
209
Let f(b) = -b**3 + 19*b**2 - 23*b + 191. Determine f(19).
-246
Let t(o) = 2*o**2 + 120*o + 1018. Determine t(-10).
18
Let a(o) = -248*o**2 - 4087*o - 13323. Give a(-12).
9
Let p(d) = 1963*d**2 - 20*d + 26. What is p(1)?
1969
Let h(b) = b**2 + 1652*b + 503239. What is h(-403)?
-108
Let s(v) = v**3 + 161*v**2 - 22257*v - 1785. Determine s(-250).
-35
Let i(a) = 402001*a - 2009946. Calculate i(5).
59
Let o(b) = 7*b**3 - 11*b**2 - 281*b + 743. Calculate o(3).
-10
Let i(t) = -3*t**3 - 18*t**2 - 87*t - 271. Give i(-5).
89
Let r(y) = -y**3 - 76*y**2 + 318*y + 39224. What is r(-73)?
23
Let r(g) = -4*g**3 + 32*g**2 + 218*g - 1712. Give r(8).
32
Let k(t) = t**3 - 27*t**2 - 727*t + 1813. Determine k(43).
136
Let q(s) = 38990*s + 506902. Give q(-13).
32
Let c(b) = -6*b**3 - 99*b**2 + 52*b + 31. Determine c(-16).
-1569
Let h(p) = -2329*p - 117816. What is h(-50)?
-1366
Let l(m) = -1050*m - 52497. Give l(-50).
3
Let k(g) = -5*g**3 + 756*g**2 - 166*g + 3110. What is k(151)?
845
Let o(w) = w**2 + 41122*w + 1848456. What is o(-45)?
-9
Let q(z) = -3*z**3 + 402*z**2 - 352*z - 6249. What is q(133)?
2
Let t(h) = -11*h**3 - 2495*h**2 + 2944*h - 4567. Calculate t(-228).
-7
Let l(b) = 14*b**3 + 3*b**2 - 77*b + 254. Determine l(3).
428
Let t(n) = 14903*n - 1102823. Determine t(74).
-1
Let s(x) = -214*x**2 + 212*x + 1012. Calculate s(-4).
-3260
Let m(c) = 1719*c + 3495. Give m(-2).
57
Let b(k) = 2*k**2 - 10130*k - 1127927. What is b(-109)?
5
Let c(s) = 7539*s + 980060. Calculate c(-130).
-10
Let i(b) = 9*b**2 + 77*b + 4. Give i(-2).
-114
Let h(u) = u**3 - 25*u**2 - 3611*u - 914. What is h(74)?
196
Let d(z) = -3*z**2 + 1232*z - 125744. Give d(221).
5
Let t(z) = 313*z - 12916. What is t(48)?
2108
Let b(f) = -f**3 + 8*f**2 + 344*f - 776. Determine b(22).
16
Let b(p) = 8*p**3 + 113*p**2 + 85*p + 520. What is b(-14)?
-474
Let w(q) = -264*q**2 - 52519*q + 3245. Determine w(-199).
-138
Let z(r) = r**3 + 491*r**2 + 3869*r - 56. Give z(-8).
-96
Let r(z) = -z**2 - 220891*z + 662683. Give r(3).
1
Let i(o) = -2*o**2 - 5*o + 211. Determine i(8).
43
Let b(t) = t**2 - 2880*t - 473591. What is b(-156)?
25
Let b(l) = -138*l**2 - 12797*l + 219. Determine b(-93).
-3222
Let n(f) = -217*f**2 + 2672*f + 1959. What is n(13)?
22
Let q(h) = -785*h - 14454. What is q(-18)?
-324
Let s(f) = f**3 + 208*f**2 + 17*f + 47353. Determine s(-209).
119
Let a(i) = -23677*i - 497222. Determine a(-21).
-5
Let c(z) = z**3 - 56*z**2 - 331*z + 1357. Calculate c(61).
-229
Let j(h) = -2*h**3 - 182*h**2 - 381*h - 2222. What is j(-89)?
3
Let p(n) = n**3 + 403*n**2 + 6896*n - 13098. Give p(-385).
-8
Let o(m) = -6*m**2 + 152*m + 34. What is o(0)?
34
Let a(r) = 82*r - 673. Calculate a(6).
-181
Let p(x) = 72*x**3 - 8281*x**2 + 112*x + 395. Calculate p(115).
50
Let z(q) = 14*q**2 - 3434*q + 6845. What is z(2)?
33
Let l(d) = -448*d + 6859. Give l(6).
4171
Let f(p) = -24*p**2 + 4*p - 63. Determine f(13).
-4067
Let y(c) = 2*c**3 - 313*c**2 - 463*c - 1864. Determine y(158).
-126
Let v(l) = -3*l**2 + 873*l - 3298. Calculate v(287).
146
Let h(i) = -i**3 - 794*i**2 + 128*i + 730343. Give h(-793).
-10
Let x(u) = 155*u - 14974. Determine x(94).
-404
Let p(y) = y**3 + 164*y**2 + 163*y - 138. Calculate p(-163).
-138
Let b(x) = x**3 - 99*x**2 + 4878*x - 578337. Calculate b(105).
3
Let q(r) = -464*r - 7555. Determine q(-16).
-131
Let g(c) = 163*c + 39136. Determine g(-246).
-962
Let l(v) = -12*v**2 + 179*v - 863. What is l(9)?
-224
Let a(q) = 8*q**3 - 411*q**2 + 100*q + 153. Give a(51).
-2550
Let y(z) = -1966*z + 171056. Calculate y(87).
14
Let l(x) = 20279*x + 1216763. Calculate l(-60).
23
Let c(d) = 41*d**3 + 418*d**2 + 203*d + 1379. What is c(-10)?
149
Let q(z) = 738630*z + 1477273. Give q(-2).
13
Let v(f) = -f**3 + 9*f**2 + 1958*f - 84. What is v(-40)?
-4
Let l(m) = -m**3 - 31*m**2 + 923*m + 8040. What is l(-47)?
3
Let r(c) = -c**3 - 345*c**2 + 1390*c - 4997. Give r(-349).
-2903
Let u(m) = 4*m**2 - 193*m + 1267. Give u(7).
112
Let n(k) = 842*k - 8880. Give n(11).
382
Let s(o) = 36*o - 575. Give s(-4).
-719
Let i(g) = -g**2 - 21*g - 25. What is i(-18)?
29
Let r(y) = 2*y**2 + 203*y + 3730. Give r(-77).
-43
Let d(c) = -11*c**2 - 69*c + 282. Determine d(9).
-1230
Let v(d) = 2*d**2 - 49044*d - 539730. What is v(-11)?
-4
Let u(k) = -91057*k - 546172. Determine u(-6).
170
Let h(g) = 5423*g**2 - 249453*g - 240. Determine h(46).
-10
Let b(d) = d**2 - 2683*d + 92742. Calculate b(35).
62
Let r(y) = 695*y**2 + 129965*y - 12. What is r(-187)?
-12
Let r(q) = 22179*q + 66555. Give r(-3).
18
Let z(u) = -u**3 + 2454*u**2 - 4927*u + 43. Give z(2).
-3
Let j(w) = w**2 + 14364*w + 1695142. Give j(-119).
-13
Let w(b) = 333*b - 3216. Calculate w(9).
-219
Let l(v) = 313*v + 13249. What is l(-42)?
103
Let f(n) = 16*n**2 - 2593*n + 268. Determine f(162).
106
Let d(u) = -2*u**3 + u**2 + 2149*u + 53. Give d(33).
185
Let w(g) = 4*g**2 - 352*g - 38045. Give w(-63).
7
Let b(f) = 16*f**2 - 483*f + 2819. Determine b(8).
-21
Let z(o) = 2352*o + 23505. Give z(-10).
-15
Let x(z) = -19*z**3 - 2225*z**2 - 237*z - 369. Determine x(-117).
-18
Let k(c) = -7437*c - 36874. Calculate k(-5).
311
Let q(o) = 3*o**3 - 36*o**2 - 659*o + 7913. What is q(12)?
5
Let o(i) = 138*i - 5070. Give o(39).
312
Let q(w) = 21*w + 726. What is q(-30)?
96
Let v(o) = -o**3 + 2*o**2 + 137*o + 560. What is v(-7)?
42
Let r(i) = -10*i**3 + 552*i**2 + 12990*i + 291. What is r(73)?
-1
Let i(p) = -3558*p - 23056. What is i(-6)?
-1708
Let g(c) = 5330*c + 42483. Calculate g(-8).
-157
Let u(v) = v**2 - 94*v - 17877. What is u(-95)?
78
Let v(r) = -12*r**2 + 9*r - 19. What is v(2)?
-49
Let u(f) = 11654*f + 7586756. Give u(-651).
2
Let f(l) = l**3 + 9*l**2 - 372*l + 23. Determine f(16).
471
Let c(r) = -1531*r - 108719. Give c(-71).
-18
Let d(t) = 570*t**3 + 1731*t**2 - 3*t - 4. Determine d(-3).
194
Let n(d) = 6710*d - 5918200. Determine n(882).
20
Let p(j) = -36*j**2 - 7662*